
-222212
In base 4, what is 221 + 20311302212?
20311303033
In base 11, what is -3057 - 2982?
-5a29
In base 2, what is 101110001000101000001 - -10?
101110001000101000011
In base 11, what is 21540 + 15840?
37280
In base 6, what is -350323312 + 142?
-350323130
In base 4, what is 231210 + 1000021?
1231231
In base 10, what is -99 - -316141?
316042
In base 10, what is 5 - 6170680?
-6170675
In base 7, what is -65512 + -5520?
-104332
In base 4, what is 111210210010 - -120?
111210210130
In base 15, what is -154 - 21ab6e?
-21acc3
In base 6, what is -30103333 - 13?
-30103350
In base 15, what is 8 + 372756?
37275e
In base 7, what is 31210263 - 33?
31210230
In base 6, what is -1145024 - -152?
-1144432
In base 11, what is 5171 - 97?
5085
In base 16, what is 18 - 467d?
-4665
In base 3, what is 12011210202111 - 0?
12011210202111
In base 3, what is -11 - 221101022220122?
-221101022220210
In base 11, what is 14a187438 - -2?
14a18743a
In base 16, what is -1 - 5123?
-5124
In base 9, what is 1824 + -776?
1037
In base 7, what is -4 + 131065432?
131065425
In base 14, what is -3 - 37a781?
-37a784
In base 4, what is 113 - -10310231000301?
10310231001020
In base 6, what is 224010211 - -144?
224010355
In base 11, what is -72 - a369a1?
-a36a63
In base 11, what is 7a33290 + 7?
7a33297
In base 3, what is -21110212102 - 2022?
-21110221201
In base 7, what is 4 + -35466544?
-35466540
In base 16, what is -6 - -233bdd?
233bd7
In base 13, what is 13a29303 - -4?
13a29307
In base 11, what is 38 - -520697?
520724
In base 15, what is bd - 4d5e5b?
-4d5d8d
In base 16, what is a1eba2 - 1f?
a1eb83
In base 8, what is 15 - 2521670?
-2521653
In base 5, what is 40 + -20100143124?
-20100143034
In base 15, what is -be - -9e55?
9d86
In base 5, what is -401201011 - 1?
-401201012
In base 13, what is 35410 + -6a4?
34a39
In base 11, what is 10a2aa + 18?
10a317
In base 9, what is 261223 + 11?
261234
In base 3, what is 12 - -100010001022201?
100010001022220
In base 3, what is -210120011 + -121020010?
-1101210021
In base 16, what is 1d + -aa27?
-aa0a
In base 8, what is -5055 + 60006?
52731
In base 16, what is 2ea75 + -79b?
2e2da
In base 12, what is 1122023 - 17?
1122008
In base 14, what is 91b - ac07?
-a2ca
In base 4, what is -11210111030 - -10300?
-11210100130
In base 14, what is -1384 + -1057?
-23db
In base 16, what is 2930 + 27?
2957
In base 3, what is 2022 + -10222012002?
-10222002210
In base 12, what is 51b1a + 27a6?
54704
In base 6, what is -10545133 + -23?
-10545200
In base 9, what is 17445422 + 11?
17445433
In base 13, what is 322 + 99cc?
a021
In base 8, what is -72 + -125644?
-125736
In base 14, what is -5a60d08 + c?
-5a60cda
In base 4, what is 101331321 + -11310?
101320011
In base 10, what is -192366 + 210?
-192156
In base 7, what is 4126046 + -15?
4126031
In base 7, what is -301 + 14112?
13511
In base 13, what is -1c50 + -24b36?
-26a86
In base 16, what is 3 + -8fb287?
-8fb284
In base 9, what is -103663240 - -5?
-103663234
In base 15, what is 365045 + -3b?
365009
In base 14, what is -9c1c - -105?
-9b17
In base 12, what is -680 - -45a86?
45406
In base 14, what is -2043b8 - 9?
-2043c3
In base 15, what is -16e919 - 4?
-16e91d
In base 7, what is 254241 - 1244?
252664
In base 11, what is 8179 + 64?
8232
In base 9, what is 25521546 + -12?
25521534
In base 15, what is -1831d - -8a?
-18283
In base 7, what is 52 + 6202101?
6202153
In base 9, what is -21443278 + 54?
-21443224
In base 8, what is 1630020 + -7?
1630011
In base 16, what is 4 - 6ec9352?
-6ec934e
In base 6, what is -3 - 531024542?
-531024545
In base 15, what is -5d5908 - 2?
-5d590a
In base 11, what is -112 - -1a4700?
1a4599
In base 2, what is -100000000010110111 + -10101?
-100000000011001100
In base 10, what is -6872 - 100546?
-107418
In base 3, what is 2101110100200 + 110000?
2101110210200
In base 5, what is 23 + -1233011403?
-1233011330
In base 11, what is -450217 + 510?
-44a807
In base 9, what is 2358 + 762635?
765104
In base 5, what is -43024 + 1034401?
441322
In base 6, what is 1 + 1403313453?
1403313454
In base 13, what is -14b779c - 15c?
-14b792b
In base 16, what is ed + 98b3?
99a0
In base 10, what is 216 + 248371?
248587
In base 8, what is -37233 + -3453?
-42706
In base 7, what is -220060623 - 5?
-220060631
In base 16, what is -2015d1d8 - -4?
-2015d1d4
In base 8, what is 1261034325 + -2?
1261034323
In base 3, what is -2 - 22211100202121?
-22211100202200
In base 2, what is -11100 - -10000001111001111011?
10000001111001011111
In base 11, what is -2a + 10368a1?
1036872
In base 5, what is -11114310433 - 4?
-11114310442
In base 14, what is -88c2170 + -6?
-88c2176
In base 13, what is -1bba + -33350?
-3523a
In base 4, what is 3220133 + -121320?
3032213
In base 13, what is -c269 + 2b4c?
-941a
In base 14, what is -2a4 + 2272d8?
227034
In base 8, what is -4404255 + 12?
-4404243
In base 7, what is -262412461 + -215?
-262413006
In base 14, what is -18a + 1168?
dbc
In base 2, what is 1000001110 + 1111111001010100?
10000000001100010
In base 7, what is -101 - -225036?
224635
In base 13, what is -2cb8922c - 3?
-2cb89232
In base 5, what is -210120341 + 1020?
-210114321
In base 2, what is 0 + 11101111000001100000000?
11101111000001100000000
In base 15, what is -148de - 3c37?
-18626
In base 2, what is -1100111111000100011110 - -10111?
-1100111111000100000111
In base 14, what is 187c7 - 17c?
18649
In base 14, what is -12aacca7 - -4?
-12aacca3
In base 14, what is -3ac6d + -14?
-3ac83
In base 14, what is -61264b56 + 0?
-61264b56
In base 12, what is -b36 + 1109?
193
In base 4, what is 303 - -3003223021?
3003223330
In base 16, what is 12 + 1bc180?
1bc192
In base 13, what is -4 + -2a308?
-2a30c
In base 10, what is 28 - 392130?
-392102
In base 5, what is 24323 - 123320?
-43442
In base 13, what is -890 + -2552?
-3112
In base 13, what is 31091b6 + 49?
3109232
In base 11, what is -2 + -4035834?
-4035836
In base 15, what is 4e0539 + 6?
4e0540
In base 5, what is -1001110322 + 3444?
-1001101323
In base 4, what is 13 + 1202333221101?
1202333221120
In base 5, what is 23304233 + 2110?
23311343
In base 15, what is 6c19 + 196?
6db0
In base 8, what is -61 - 40710?
-40771
In base 2, what is -10010011100011110111010000 - -11?
-10010011100011110111001101
In base 16, what is 2a936f + -14?
2a935b
In base 13, what is -1 + -178304?
-178305
In base 14, what is 8ab401 + -2?
8ab3dd
In base 16, what is -3a - fcef9?
-fcf33
In base 5, what is 3423224310 - 0?
3423224310
In base 8, what is -51202 - 266?
-51470
In base 10, what is 1 + -73672927?
-73672926
In base 5, what is -1013312143 - 44?
-1013312242
In base 7, what is 106555 + 3060?
112645
In base 3, what is -201200001211 + -1212?
-201200010200
In base 9, what is -232 - 54868?
-55211
In base 14, what is -2a - -314a9d?
314a73
In base 7, what is -26 + 2135461?
2135432
In base 16, what is -b2 + -4cd?
-57f
In base 12, what is -706b2 - 3?
-706b5
In base 10, what is 12 - -37000258?
37000270
In base 7, what is -2 - -365316016?
365316014
In base 12, what is -1071506b2 - -2?
-1071506b0
In base 12, what is 12 + -309a?
-3088
In base 14, what is 4 - -6a71ab?
6a71b1
In base 2, what is 11011010110000 - 1001011100001?
10001111001111
In base 7, what is 1106413 - 164?
1106216
In base 10, what is -14025512 - -3?
-14025509
In base 8, what is -27263 + 1160?
-26103
In base 13, what is -4 + 5397b0b?
5397b07
In base 8, what is -2205400 - -1533?
-2203645
In base 3, what is -12 + -2020201210001201?
-2020201210001220
In base 5, what is 33403420231 + -10?
33403420221
In base 7, what is -2634542 - -46?
-2634463
In base 6, what is 10431 - -123113?
133544
In base 14, what is -14a + -8d71?
-90bb
In base 16, what is 3 - 19cb838?
-19cb835
In base 11, what is -61 + -5489a24?
-5489a85
In base 8, what is -4 + 25426406?
25426402
In base 13, what is 40b9 + 1c1?
42aa
In base 4, what is 1303 + -331302002?
-331300033
In base 2, what is 11111111110 - 111000101000?
-11000101010
In base 4, what is -213012100101 + 0?
-213012100101
In base 16, what is 6df6 - 537?
68bf
In base 2, what is 101010111101110110110010011001 + -101?
101010111101110110110010010100
In base 12, what is -82 + 104122?
104060
In base 3, what is 0 - 112202021022012?
-112202021022012
In base 7, what is 255 + -153616?
-153331
In base 14, what is -1acb70 + -b?
-1acb7b
In base 10, what is -16 - 1093454?
-1